{"id":677,"date":"2018-03-01T15:33:49","date_gmt":"2018-03-01T14:33:49","guid":{"rendered":"http:\/\/www.degordenaars.nl\/WP00\/?page_id=677"},"modified":"2018-07-06T17:50:41","modified_gmt":"2018-07-06T15:50:41","slug":"jh-achtergrond","status":"publish","type":"page","link":"https:\/\/www.degordenaars.nl\/WP00\/joseehoutbraken\/jh-achtergrond\/","title":{"rendered":"JH achtergrond"},"content":{"rendered":"<p>&nbsp;<\/p>\n<p class=\"entry-title\"><span style=\"font-size: 22pt; color: #4180b6;\">Achtergrond<\/span><\/p>\n<p class=\"entry-title\"><img data-recalc-dims=\"1\" loading=\"lazy\" decoding=\"async\" class=\"wp-image-738 size-full alignleft\" style=\"background-color: #ffffff;\" src=\"https:\/\/i0.wp.com\/www.degordenaars.nl\/WP00\/wp-content\/uploads\/2018\/03\/Boek150x200.jpg?resize=150%2C206\" alt=\"\" width=\"150\" height=\"206\" \/>In 1996 verscheen de monografie \u201cJos\u00e9e Houtbraken, 1949-1994\u201d, onder eindredactie van Tom Blekkenhorst. Deze uitgave begeleidde de hommagetentoonstelling gewijd aan het werk van Jos\u00e9e Houtbraken in juli van dat jaar in het Museum Henri\u00ebtte Polak in Zutphen. Het boek werd postuum uitgegeven door de Jos\u00e9e Houtbraken Stichting te Batenburg en bevat naast veel afbeeldingen onder meer de volgende bijdragen:<\/p>\n<div>Janus Kolen schreef een\u00a0biografie\u00a0onder de titel:\u00a0<a href=\"http:\/\/www.degordenaars.nl\/WP00\/wp-content\/uploads\/2018\/07\/Werken_aan_evenwicht.pdf\"><strong>Werken aan evenwicht.<\/strong><\/a><br \/>\nAns van Berkum schreef een\u00a0beschouwing\u00a0onder de titel:\u00a0<strong><a href=\"http:\/\/www.degordenaars.nl\/WP00\/wp-content\/uploads\/2018\/07\/Spreken_in_beelden.pdf\">Spreken in beelden.<\/a><br \/>\n<\/strong>Ook opgenomen is een\u00a0<strong><a href=\"http:\/\/www.degordenaars.nl\/WP00\/wp-content\/uploads\/2018\/07\/Curriculum-Jos\u00e9e-Houtbraken.pdf\">curriculum vitae<\/a>.\u00a0<\/strong>U kunt het boek voor de prijs van \u20ac 25,- inclusief verzendkosten bestellen op de Contactpagina van deze website door een reactie te sturen. We nemen dan contact op.<a href=\"https:\/\/i0.wp.com\/www.degordenaars.nl\/WP00\/wp-content\/uploads\/2018\/03\/Josee_Houtbraken.jpg\"><img data-recalc-dims=\"1\" loading=\"lazy\" decoding=\"async\" class=\"wp-image-698 size-full aligncenter\" style=\"background-color: #ffffff;\" src=\"https:\/\/i0.wp.com\/www.degordenaars.nl\/WP00\/wp-content\/uploads\/2018\/03\/Josee_Houtbraken.jpg?resize=446%2C303\" alt=\"\" width=\"446\" height=\"303\" srcset=\"https:\/\/i0.wp.com\/www.degordenaars.nl\/WP00\/wp-content\/uploads\/2018\/03\/Josee_Houtbraken.jpg?w=446&amp;ssl=1 446w, https:\/\/i0.wp.com\/www.degordenaars.nl\/WP00\/wp-content\/uploads\/2018\/03\/Josee_Houtbraken.jpg?resize=300%2C204&amp;ssl=1 300w\" sizes=\"auto, (max-width: 446px) 100vw, 446px\" \/><\/a><\/div>\n<p><span style=\"font-size: 8pt;\">\u00a9 2013 Janus Kolen<\/span><\/p>\n","protected":false},"excerpt":{"rendered":"<p>&nbsp; Achtergrond In 1996 verscheen de monografie \u201cJos\u00e9e Houtbraken, 1949-1994\u201d, onder eindredactie van Tom Blekkenhorst. Deze uitgave begeleidde de hommagetentoonstelling gewijd aan het werk van Jos\u00e9e Houtbraken in juli van dat jaar in het Museum Henri\u00ebtte Polak in Zutphen. Het <span class=\"excerpt-dots\">&hellip;<\/span> <a class=\"more-link\" href=\"https:\/\/www.degordenaars.nl\/WP00\/joseehoutbraken\/jh-achtergrond\/\"><span class=\"more-msg\">Lees verder &rarr;<\/span><\/a><\/p>\n","protected":false},"author":1,"featured_media":0,"parent":634,"menu_order":1,"comment_status":"closed","ping_status":"closed","template":"","meta":{"footnotes":""},"class_list":["post-677","page","type-page","status-publish","hentry"],"jetpack_shortlink":"https:\/\/wp.me\/Pa1LbV-aV","jetpack_sharing_enabled":true,"_links":{"self":[{"href":"https:\/\/www.degordenaars.nl\/WP00\/wp-json\/wp\/v2\/pages\/677","targetHints":{"allow":["GET"]}}],"collection":[{"href":"https:\/\/www.degordenaars.nl\/WP00\/wp-json\/wp\/v2\/pages"}],"about":[{"href":"https:\/\/www.degordenaars.nl\/WP00\/wp-json\/wp\/v2\/types\/page"}],"author":[{"embeddable":true,"href":"https:\/\/www.degordenaars.nl\/WP00\/wp-json\/wp\/v2\/users\/1"}],"replies":[{"embeddable":true,"href":"https:\/\/www.degordenaars.nl\/WP00\/wp-json\/wp\/v2\/comments?post=677"}],"version-history":[{"count":42,"href":"https:\/\/www.degordenaars.nl\/WP00\/wp-json\/wp\/v2\/pages\/677\/revisions"}],"predecessor-version":[{"id":1200,"href":"https:\/\/www.degordenaars.nl\/WP00\/wp-json\/wp\/v2\/pages\/677\/revisions\/1200"}],"up":[{"embeddable":true,"href":"https:\/\/www.degordenaars.nl\/WP00\/wp-json\/wp\/v2\/pages\/634"}],"wp:attachment":[{"href":"https:\/\/www.degordenaars.nl\/WP00\/wp-json\/wp\/v2\/media?parent=677"}],"curies":[{"name":"wp","href":"https:\/\/api.w.org\/{rel}","templated":true}]}}